{"id":5737,"date":"2023-10-22T18:26:43","date_gmt":"2023-10-22T16:26:43","guid":{"rendered":"https:\/\/emd-cm.cat\/events\/reces-i-celebracio-sagrament-del-perdo-sectors-barcelona\/"},"modified":"2023-10-31T22:00:52","modified_gmt":"2023-10-31T21:00:52","slug":"reces-i-celebracio-sagrament-del-perdo-sectors-barcelona","status":"publish","type":"mec-events","link":"https:\/\/emd-cm.cat\/es\/events\/reces-i-celebracio-sagrament-del-perdo-sectors-barcelona\/","title":{"rendered":"Rec\u00e9s i celebraci\u00f3 Sagrament del Perd\u00f3 sector  Barcelona H"},"content":{"rendered":"","protected":false},"excerpt":{"rendered":"","protected":false},"author":3,"featured_media":0,"comment_status":"open","ping_status":"closed","template":"","tags":[],"mec_category":[],"_links":{"self":[{"href":"https:\/\/emd-cm.cat\/es\/wp-json\/wp\/v2\/mec-events\/5737"}],"collection":[{"href":"https:\/\/emd-cm.cat\/es\/wp-json\/wp\/v2\/mec-events"}],"about":[{"href":"https:\/\/emd-cm.cat\/es\/wp-json\/wp\/v2\/types\/mec-events"}],"author":[{"embeddable":true,"href":"https:\/\/emd-cm.cat\/es\/wp-json\/wp\/v2\/users\/3"}],"replies":[{"embeddable":true,"href":"https:\/\/emd-cm.cat\/es\/wp-json\/wp\/v2\/comments?post=5737"}],"wp:attachment":[{"href":"https:\/\/emd-cm.cat\/es\/wp-json\/wp\/v2\/media?parent=5737"}],"wp:term":[{"taxonomy":"post_tag","embeddable":true,"href":"https:\/\/emd-cm.cat\/es\/wp-json\/wp\/v2\/tags?post=5737"},{"taxonomy":"mec_category","embeddable":true,"href":"https:\/\/emd-cm.cat\/es\/wp-json\/wp\/v2\/mec_category?post=5737"}],"curies":[{"name":"wp","href":"https:\/\/api.w.org\/{rel}","templated":true}]}}

Recés i celebració Sagrament del Perdó sector  Barcelona H
